{"id":13,"date":"2020-04-23T10:16:51","date_gmt":"2020-04-23T08:16:51","guid":{"rendered":"http:\/\/eurobau.com.pl\/?page_id=13"},"modified":"2020-05-27T12:06:43","modified_gmt":"2020-05-27T10:06:43","slug":"balkony-z-plytek-betonowych-lub-gresowych","status":"publish","type":"page","link":"https:\/\/eurobau.com.pl\/index.php\/balkony-z-plytek-betonowych-lub-gresowych\/","title":{"rendered":"Balkony z p\u0142ytek betonowych lub gresowych"},"content":{"rendered":"\t\t<div data-elementor-type=\"wp-page\" data-elementor-id=\"13\" class=\"elementor elementor-13\" data-elementor-post-type=\"page\">\n\t\t\t\t\t\t<section class=\"elementor-section elementor-top-section elementor-element elementor-element-d42d177 elementor-section-boxed elementor-section-height-default elementor-section-height-default\" data-id=\"d42d177\" data-element_type=\"section\">\n\t\t\t\t\t\t<div class=\"elementor-container elementor-column-gap-default\">\n\t\t\t\t\t<div class=\"elementor-column elementor-col-100 elementor-top-column elementor-element elementor-element-a09a0e8\" data-id=\"a09a0e8\" data-element_type=\"column\">\n\t\t\t<div class=\"elementor-widget-wrap elementor-element-populated\">\n\t\t\t\t\t\t<div class=\"elementor-element elementor-element-0bcca7b elementor-widget elementor-widget-spacer\" data-id=\"0bcca7b\" data-element_type=\"widget\" data-widget_type=\"spacer.default\">\n\t\t\t\t<div class=\"elementor-widget-container\">\n\t\t\t\t\t\t\t<div class=\"elementor-spacer\">\n\t\t\t<div class=\"elementor-spacer-inner\"><\/div>\n\t\t<\/div>\n\t\t\t\t\t\t<\/div>\n\t\t\t\t<\/div>\n\t\t\t\t\t<\/div>\n\t\t<\/div>\n\t\t\t\t\t<\/div>\n\t\t<\/section>\n\t\t\t\t<section class=\"elementor-section elementor-top-section elementor-element elementor-element-2db0d99 elementor-section-boxed elementor-section-height-default elementor-section-height-default\" data-id=\"2db0d99\" data-element_type=\"section\" data-settings=\"{&quot;background_background&quot;:&quot;classic&quot;}\">\n\t\t\t\t\t\t\t<div class=\"elementor-background-overlay\"><\/div>\n\t\t\t\t\t\t\t<div class=\"elementor-container elementor-column-gap-default\">\n\t\t\t\t\t<div class=\"elementor-column elementor-col-100 elementor-top-column elementor-element elementor-element-fd0b66e\" data-id=\"fd0b66e\" data-element_type=\"column\">\n\t\t\t<div class=\"elementor-widget-wrap elementor-element-populated\">\n\t\t\t\t\t\t<div class=\"elementor-element elementor-element-024cbb6 elementor-widget elementor-widget-spacer\" data-id=\"024cbb6\" data-element_type=\"widget\" data-widget_type=\"spacer.default\">\n\t\t\t\t<div class=\"elementor-widget-container\">\n\t\t\t\t\t\t\t<div class=\"elementor-spacer\">\n\t\t\t<div class=\"elementor-spacer-inner\"><\/div>\n\t\t<\/div>\n\t\t\t\t\t\t<\/div>\n\t\t\t\t<\/div>\n\t\t\t\t<div class=\"elementor-element elementor-element-75db1c0 elementor-widget elementor-widget-heading\" data-id=\"75db1c0\" data-element_type=\"widget\" data-widget_type=\"heading.default\">\n\t\t\t\t<div class=\"elementor-widget-container\">\n\t\t\t\t\t<h2 class=\"elementor-heading-title elementor-size-default\">BALKONY<\/h2>\t\t\t\t<\/div>\n\t\t\t\t<\/div>\n\t\t\t\t<div class=\"elementor-element elementor-element-c2c2be6 elementor-widget elementor-widget-spacer\" data-id=\"c2c2be6\" data-element_type=\"widget\" data-widget_type=\"spacer.default\">\n\t\t\t\t<div class=\"elementor-widget-container\">\n\t\t\t\t\t\t\t<div class=\"elementor-spacer\">\n\t\t\t<div class=\"elementor-spacer-inner\"><\/div>\n\t\t<\/div>\n\t\t\t\t\t\t<\/div>\n\t\t\t\t<\/div>\n\t\t\t\t\t<\/div>\n\t\t<\/div>\n\t\t\t\t\t<\/div>\n\t\t<\/section>\n\t\t\t\t<section class=\"elementor-section elementor-top-section elementor-element elementor-element-0e026e2 elementor-section-boxed elementor-section-height-default elementor-section-height-default\" data-id=\"0e026e2\" data-element_type=\"section\" data-settings=\"{&quot;background_background&quot;:&quot;gradient&quot;}\">\n\t\t\t\t\t\t<div class=\"elementor-container elementor-column-gap-default\">\n\t\t\t\t\t<div class=\"elementor-column elementor-col-100 elementor-top-column elementor-element elementor-element-eb1bff2\" data-id=\"eb1bff2\" data-element_type=\"column\">\n\t\t\t<div class=\"elementor-widget-wrap elementor-element-populated\">\n\t\t\t\t\t\t<div class=\"elementor-element elementor-element-af4443f elementor-widget elementor-widget-spacer\" data-id=\"af4443f\" data-element_type=\"widget\" data-widget_type=\"spacer.default\">\n\t\t\t\t<div class=\"elementor-widget-container\">\n\t\t\t\t\t\t\t<div class=\"elementor-spacer\">\n\t\t\t<div class=\"elementor-spacer-inner\"><\/div>\n\t\t<\/div>\n\t\t\t\t\t\t<\/div>\n\t\t\t\t<\/div>\n\t\t\t\t<div class=\"elementor-element elementor-element-8efa859 elementor-widget elementor-widget-heading\" data-id=\"8efa859\" data-element_type=\"widget\" data-widget_type=\"heading.default\">\n\t\t\t\t<div class=\"elementor-widget-container\">\n\t\t\t\t\t<h2 class=\"elementor-heading-title elementor-size-default\">Z P\u0141YTEK BETONOWYCH LUB GRESOWYCH<\/h2>\t\t\t\t<\/div>\n\t\t\t\t<\/div>\n\t\t\t\t<div class=\"elementor-element elementor-element-e1f513e elementor-widget elementor-widget-spacer\" data-id=\"e1f513e\" data-element_type=\"widget\" data-widget_type=\"spacer.default\">\n\t\t\t\t<div class=\"elementor-widget-container\">\n\t\t\t\t\t\t\t<div class=\"elementor-spacer\">\n\t\t\t<div class=\"elementor-spacer-inner\"><\/div>\n\t\t<\/div>\n\t\t\t\t\t\t<\/div>\n\t\t\t\t<\/div>\n\t\t\t\t\t<\/div>\n\t\t<\/div>\n\t\t\t\t\t<\/div>\n\t\t<\/section>\n\t\t\t\t<section class=\"elementor-section elementor-top-section elementor-element elementor-element-d387f16 elementor-section-boxed elementor-section-height-default elementor-section-height-default\" data-id=\"d387f16\" data-element_type=\"section\" data-settings=\"{&quot;background_background&quot;:&quot;classic&quot;}\">\n\t\t\t\t\t\t<div class=\"elementor-container elementor-column-gap-no\">\n\t\t\t\t\t<div class=\"elementor-column elementor-col-100 elementor-top-column elementor-element elementor-element-ce92c2e\" data-id=\"ce92c2e\" data-element_type=\"column\">\n\t\t\t<div class=\"elementor-widget-wrap elementor-element-populated\">\n\t\t\t\t\t\t<div class=\"elementor-element elementor-element-6c17ce8 elementor-widget elementor-widget-spacer\" data-id=\"6c17ce8\" data-element_type=\"widget\" data-widget_type=\"spacer.default\">\n\t\t\t\t<div class=\"elementor-widget-container\">\n\t\t\t\t\t\t\t<div class=\"elementor-spacer\">\n\t\t\t<div class=\"elementor-spacer-inner\"><\/div>\n\t\t<\/div>\n\t\t\t\t\t\t<\/div>\n\t\t\t\t<\/div>\n\t\t\t\t<div class=\"elementor-element elementor-element-9200af7 elementor-widget elementor-widget-image\" data-id=\"9200af7\" data-element_type=\"widget\" data-widget_type=\"image.default\">\n\t\t\t\t<div class=\"elementor-widget-container\">\n\t\t\t\t\t\t\t\t\t\t\t\t\t\t\t<img fetchpriority=\"high\" decoding=\"async\" width=\"1024\" height=\"64\" src=\"https:\/\/eurobau.com.pl\/wp-content\/uploads\/2020\/05\/home-logo-shadow-1024x64.png\" class=\"attachment-large size-large wp-image-351\" alt=\"\" srcset=\"https:\/\/eurobau.com.pl\/wp-content\/uploads\/2020\/05\/home-logo-shadow-1024x64.png 1024w, https:\/\/eurobau.com.pl\/wp-content\/uploads\/2020\/05\/home-logo-shadow-300x19.png 300w, https:\/\/eurobau.com.pl\/wp-content\/uploads\/2020\/05\/home-logo-shadow-768x48.png 768w, https:\/\/eurobau.com.pl\/wp-content\/uploads\/2020\/05\/home-logo-shadow.png 1800w\" sizes=\"(max-width: 1024px) 100vw, 1024px\" \/>\t\t\t\t\t\t\t\t\t\t\t\t\t\t\t<\/div>\n\t\t\t\t<\/div>\n\t\t\t\t\t<\/div>\n\t\t<\/div>\n\t\t\t\t\t<\/div>\n\t\t<\/section>\n\t\t\t\t<section class=\"elementor-section elementor-top-section elementor-element elementor-element-7a81e18 elementor-section-boxed elementor-section-height-default elementor-section-height-default\" data-id=\"7a81e18\" data-element_type=\"section\">\n\t\t\t\t\t\t<div class=\"elementor-container elementor-column-gap-default\">\n\t\t\t\t\t<div class=\"elementor-column elementor-col-100 elementor-top-column elementor-element elementor-element-a7dbbf6\" data-id=\"a7dbbf6\" data-element_type=\"column\">\n\t\t\t<div class=\"elementor-widget-wrap elementor-element-populated\">\n\t\t\t\t\t\t<div class=\"elementor-element elementor-element-eb1117d elementor-widget elementor-widget-spacer\" data-id=\"eb1117d\" data-element_type=\"widget\" data-widget_type=\"spacer.default\">\n\t\t\t\t<div class=\"elementor-widget-container\">\n\t\t\t\t\t\t\t<div class=\"elementor-spacer\">\n\t\t\t<div class=\"elementor-spacer-inner\"><\/div>\n\t\t<\/div>\n\t\t\t\t\t\t<\/div>\n\t\t\t\t<\/div>\n\t\t\t\t\t<\/div>\n\t\t<\/div>\n\t\t\t\t\t<\/div>\n\t\t<\/section>\n\t\t\t\t<section class=\"elementor-section elementor-top-section elementor-element elementor-element-59c3e07 elementor-section-boxed elementor-section-height-default elementor-section-height-default\" data-id=\"59c3e07\" data-element_type=\"section\">\n\t\t\t\t\t\t<div class=\"elementor-container elementor-column-gap-default\">\n\t\t\t\t\t<div class=\"elementor-column elementor-col-50 elementor-top-column elementor-element elementor-element-9ea1afe\" data-id=\"9ea1afe\" data-element_type=\"column\">\n\t\t\t<div class=\"elementor-widget-wrap elementor-element-populated\">\n\t\t\t\t\t\t<div class=\"elementor-element elementor-element-0b00c32 elementor-widget elementor-widget-text-editor\" data-id=\"0b00c32\" data-element_type=\"widget\" data-widget_type=\"text-editor.default\">\n\t\t\t\t<div class=\"elementor-widget-container\">\n\t\t\t\t\t\t\t\t\t<p><b>P\u0142yty na\u00a0tarasy wentylowane\u00a0<\/b><\/p><p>Ceramiczne p\u0142yty tarasowe to\u00a0przemy\u015blana odpowied\u017a na\u00a0problem specyfiki polskiego klimatu. Wieloletnie cykle zamarzania i\u00a0rozmra\u017cania, szok termiczny wywo\u0142ywany nag\u0142ymi, ch\u0142odnymi opadami na\u00a0nagrzan\u0105 upa\u0142em powierzchni\u0119, wilgo\u0107 pochodz\u0105ca z\u00a0wody deszczowej \u2013 wszystkie te czynniki maj\u0105 niszcz\u0105cy wp\u0142yw na\u00a0tradycyjnie uk\u0142adane,\u00a0ceramiczne ok\u0142adziny tarasowe.<\/p><p>Nowoczesne technologie produkcji pytek ceramicznych\u00a0pomagaj\u0105 spe\u0142ni\u0107 potrzeby trwa\u0142o\u015bci, wygody i\u00a0pi\u0119kna. Optymalnym rozwi\u0105zaniem s\u0105 tarasowe p\u0142yty ceramiczne o\u00a0grubo\u015bci 2\u00a0cm, do\u00a0uk\u0142adania na\u00a0tarasach wentylowanych lub bezpo\u015brednio na\u00a0pod\u0142o\u017cach zewn\u0119trznych.<\/p><p>Czym s\u0105 p\u0142yty tarasowe? To mrozoodporne, gresowe p\u0142yty o grubo\u015bci 2 cm, lub betonowe gr 4 cm gwarantuj\u0105cej niepor\u00f3wnywalne z\u00a0innymi materia\u0142ami w\u0142a\u015bciwo\u015bci fizyczne i\u00a0chemiczne.\u00a0Doskona\u0142e parametry wytrzyma\u0142o\u015bci\u00a0na\u00a0zginanie i\u00a0si\u0142y \u0142ami\u0105cej (10\u00a0razy wy\u017csze ni\u017c wymagania normy), parametry nasi\u0105kliwo\u015bci wodnej, odporno\u015bci na\u00a0plamienie i\u00a0dzia\u0142anie \u015brodk\u00f3w domowego u\u017cytku, odporno\u015bci chemicznej, odporno\u015bci na\u00a0\u015bcieranie oraz\u00a0antypo\u015blizgowo\u015bci (R 11) \u2013 s\u0105 w\u00a0stanie\u00a0zaspokoi\u0107 potrzeby najbardziej wymagaj\u0105cych u\u017cytkownik\u00f3w, dla najtrudniejszych nawierzchni.<\/p><p>Czym jest taras wentylowany?\u00a0To\u00a0rozwi\u0105zanie, w\u00a0kt\u00f3rym\u00a0p\u0142yty nie\u00a0s\u0105 trwale zwi\u0105zane z\u00a0pod\u0142o\u017cem \u2013 gruntem lub stropem. Konstrukcja takiego tarasu opiera si\u0119 na\u00a0wspornikach (mocowanych na\u00a0stabilnym pod\u0142o\u017cu), na\u00a0kt\u00f3rych\u00a0uk\u0142adane s\u0105 p\u0142yty.Technologia wykonania takich taras\u00f3w nie\u00a0wymaga stosowania kleju i\u00a0fugowania..<br \/>Co wi\u0119cej, przy u\u017cyciu wspornik\u00f3w, taki taras mo\u017cna zrobi\u0107 na\u00a0nier\u00f3wnym gruncie oraz\u00a0na\u00a0starych, zniszczonych ok\u0142adzinach balkonowych i\u00a0tarasowych (zabezpieczonych now\u0105 izolacj\u0105 przeciwwilgociow\u0105.<\/p>\t\t\t\t\t\t\t\t<\/div>\n\t\t\t\t<\/div>\n\t\t\t\t\t<\/div>\n\t\t<\/div>\n\t\t\t\t<div class=\"elementor-column elementor-col-50 elementor-top-column elementor-element elementor-element-02e58d4\" data-id=\"02e58d4\" data-element_type=\"column\">\n\t\t\t<div class=\"elementor-widget-wrap elementor-element-populated\">\n\t\t\t\t\t\t<div class=\"elementor-element elementor-element-d627a5b elementor-widget elementor-widget-image\" data-id=\"d627a5b\" data-element_type=\"widget\" data-widget_type=\"image.default\">\n\t\t\t\t<div class=\"elementor-widget-container\">\n\t\t\t\t\t\t\t\t\t\t\t\t\t\t\t\t<a href=\"https:\/\/eurobau.com.pl\/wordpress\/wp-content\/uploads\/2020\/04\/IMAG0786-Copy.jpg\" data-elementor-open-lightbox=\"yes\" data-e-action-hash=\"#elementor-action%3Aaction%3Dlightbox%26settings%3DeyJpZCI6MjcxLCJ1cmwiOiJodHRwczpcL1wvZXVyb2JhdS5jb20ucGxcL3dwLWNvbnRlbnRcL3VwbG9hZHNcLzIwMjBcLzA0XC9JTUFHMDc4Ni1Db3B5LmpwZyJ9\">\n\t\t\t\t\t\t\t<img decoding=\"async\" width=\"1024\" height=\"640\" src=\"https:\/\/eurobau.com.pl\/wp-content\/uploads\/2020\/04\/IMAG0786-Copy-1024x640.jpg\" class=\"attachment-large size-large wp-image-271\" alt=\"\" srcset=\"https:\/\/eurobau.com.pl\/wp-content\/uploads\/2020\/04\/IMAG0786-Copy-1024x640.jpg 1024w, https:\/\/eurobau.com.pl\/wp-content\/uploads\/2020\/04\/IMAG0786-Copy-300x188.jpg 300w, https:\/\/eurobau.com.pl\/wp-content\/uploads\/2020\/04\/IMAG0786-Copy-768x480.jpg 768w, https:\/\/eurobau.com.pl\/wp-content\/uploads\/2020\/04\/IMAG0786-Copy.jpg 1280w\" sizes=\"(max-width: 1024px) 100vw, 1024px\" \/>\t\t\t\t\t\t\t\t<\/a>\n\t\t\t\t\t\t\t\t\t\t\t\t\t\t\t<\/div>\n\t\t\t\t<\/div>\n\t\t\t\t<div class=\"elementor-element elementor-element-8734326 elementor-widget elementor-widget-image\" data-id=\"8734326\" data-element_type=\"widget\" data-widget_type=\"image.default\">\n\t\t\t\t<div class=\"elementor-widget-container\">\n\t\t\t\t\t\t\t\t\t\t\t\t<figure class=\"wp-caption\">\n\t\t\t\t\t\t\t\t\t\t\t<a href=\"https:\/\/eurobau.com.pl\/wordpress\/wp-content\/uploads\/2020\/04\/IMAG2738-Copy.jpg\" data-elementor-open-lightbox=\"yes\" data-e-action-hash=\"#elementor-action%3Aaction%3Dlightbox%26settings%3DeyJpZCI6Mjg2LCJ1cmwiOiJodHRwczpcL1wvZXVyb2JhdS5jb20ucGxcL3dwLWNvbnRlbnRcL3VwbG9hZHNcLzIwMjBcLzA0XC9JTUFHMjczOC1Db3B5LmpwZyJ9\">\n\t\t\t\t\t\t\t<img decoding=\"async\" width=\"1024\" height=\"640\" src=\"https:\/\/eurobau.com.pl\/wp-content\/uploads\/2020\/04\/IMAG2738-Copy-1024x640.jpg\" class=\"attachment-large size-large wp-image-286\" alt=\"\" srcset=\"https:\/\/eurobau.com.pl\/wp-content\/uploads\/2020\/04\/IMAG2738-Copy-1024x640.jpg 1024w, https:\/\/eurobau.com.pl\/wp-content\/uploads\/2020\/04\/IMAG2738-Copy-300x188.jpg 300w, https:\/\/eurobau.com.pl\/wp-content\/uploads\/2020\/04\/IMAG2738-Copy-768x480.jpg 768w, https:\/\/eurobau.com.pl\/wp-content\/uploads\/2020\/04\/IMAG2738-Copy.jpg 1280w\" sizes=\"(max-width: 1024px) 100vw, 1024px\" \/>\t\t\t\t\t\t\t\t<\/a>\n\t\t\t\t\t\t\t\t\t\t\t<figcaption class=\"widget-image-caption wp-caption-text\"><\/figcaption>\n\t\t\t\t\t\t\t\t\t\t<\/figure>\n\t\t\t\t\t\t\t\t\t<\/div>\n\t\t\t\t<\/div>\n\t\t\t\t\t<\/div>\n\t\t<\/div>\n\t\t\t\t\t<\/div>\n\t\t<\/section>\n\t\t\t\t<section class=\"elementor-section elementor-top-section elementor-element elementor-element-cb3d726 elementor-section-boxed elementor-section-height-default elementor-section-height-default\" data-id=\"cb3d726\" data-element_type=\"section\" data-settings=\"{&quot;background_background&quot;:&quot;classic&quot;}\">\n\t\t\t\t\t\t<div class=\"elementor-container elementor-column-gap-no\">\n\t\t\t\t\t<div class=\"elementor-column elementor-col-100 elementor-top-column elementor-element elementor-element-0f99801\" data-id=\"0f99801\" data-element_type=\"column\">\n\t\t\t<div class=\"elementor-widget-wrap elementor-element-populated\">\n\t\t\t\t\t\t<div class=\"elementor-element elementor-element-7177b78 elementor-widget elementor-widget-spacer\" data-id=\"7177b78\" data-element_type=\"widget\" data-widget_type=\"spacer.default\">\n\t\t\t\t<div class=\"elementor-widget-container\">\n\t\t\t\t\t\t\t<div class=\"elementor-spacer\">\n\t\t\t<div class=\"elementor-spacer-inner\"><\/div>\n\t\t<\/div>\n\t\t\t\t\t\t<\/div>\n\t\t\t\t<\/div>\n\t\t\t\t<div class=\"elementor-element elementor-element-3939f80 elementor-widget elementor-widget-image\" data-id=\"3939f80\" data-element_type=\"widget\" data-widget_type=\"image.default\">\n\t\t\t\t<div class=\"elementor-widget-container\">\n\t\t\t\t\t\t\t\t\t\t\t\t\t\t\t<img fetchpriority=\"high\" decoding=\"async\" width=\"1024\" height=\"64\" src=\"https:\/\/eurobau.com.pl\/wp-content\/uploads\/2020\/05\/home-logo-shadow-1024x64.png\" class=\"attachment-large size-large wp-image-351\" alt=\"\" srcset=\"https:\/\/eurobau.com.pl\/wp-content\/uploads\/2020\/05\/home-logo-shadow-1024x64.png 1024w, https:\/\/eurobau.com.pl\/wp-content\/uploads\/2020\/05\/home-logo-shadow-300x19.png 300w, https:\/\/eurobau.com.pl\/wp-content\/uploads\/2020\/05\/home-logo-shadow-768x48.png 768w, https:\/\/eurobau.com.pl\/wp-content\/uploads\/2020\/05\/home-logo-shadow.png 1800w\" sizes=\"(max-width: 1024px) 100vw, 1024px\" \/>\t\t\t\t\t\t\t\t\t\t\t\t\t\t\t<\/div>\n\t\t\t\t<\/div>\n\t\t\t\t\t<\/div>\n\t\t<\/div>\n\t\t\t\t\t<\/div>\n\t\t<\/section>\n\t\t\t\t<\/div>\n\t\t","protected":false},"excerpt":{"rendered":"<p>BALKONY Z P\u0141YTEK BETONOWYCH LUB GRESOWYCH P\u0142yty na\u00a0tarasy wentylowane\u00a0 Ceramiczne p\u0142yty tarasowe to\u00a0przemy\u015blana odpowied\u017a na\u00a0problem specyfiki polskiego klimatu. Wieloletnie cykle zamarzania i\u00a0rozmra\u017cania, szok termiczny wywo\u0142ywany nag\u0142ymi, ch\u0142odnymi opadami na\u00a0nagrzan\u0105 upa\u0142em powierzchni\u0119, wilgo\u0107 pochodz\u0105ca z\u00a0wody deszczowej \u2013 wszystkie te czynniki maj\u0105 niszcz\u0105cy wp\u0142yw na\u00a0tradycyjnie uk\u0142adane,\u00a0ceramiczne ok\u0142adziny tarasowe. Nowoczesne technologie produkcji pytek ceramicznych\u00a0pomagaj\u0105 spe\u0142ni\u0107 potrzeby trwa\u0142o\u015bci, wygody &hellip;<\/p>\n<p class=\"read-more\"> <a class=\"\" href=\"https:\/\/eurobau.com.pl\/index.php\/balkony-z-plytek-betonowych-lub-gresowych\/\"> <span class=\"screen-reader-text\">Balkony z p\u0142ytek betonowych lub gresowych<\/span> Read More &raquo;<\/a><\/p>\n","protected":false},"author":1,"featured_media":0,"parent":0,"menu_order":0,"comment_status":"closed","ping_status":"closed","template":"","meta":{"footnotes":""},"class_list":["post-13","page","type-page","status-publish","hentry"],"_links":{"self":[{"href":"https:\/\/eurobau.com.pl\/index.php\/wp-json\/wp\/v2\/pages\/13","targetHints":{"allow":["GET"]}}],"collection":[{"href":"https:\/\/eurobau.com.pl\/index.php\/wp-json\/wp\/v2\/pages"}],"about":[{"href":"https:\/\/eurobau.com.pl\/index.php\/wp-json\/wp\/v2\/types\/page"}],"author":[{"embeddable":true,"href":"https:\/\/eurobau.com.pl\/index.php\/wp-json\/wp\/v2\/users\/1"}],"replies":[{"embeddable":true,"href":"https:\/\/eurobau.com.pl\/index.php\/wp-json\/wp\/v2\/comments?post=13"}],"version-history":[{"count":15,"href":"https:\/\/eurobau.com.pl\/index.php\/wp-json\/wp\/v2\/pages\/13\/revisions"}],"predecessor-version":[{"id":397,"href":"https:\/\/eurobau.com.pl\/index.php\/wp-json\/wp\/v2\/pages\/13\/revisions\/397"}],"wp:attachment":[{"href":"https:\/\/eurobau.com.pl\/index.php\/wp-json\/wp\/v2\/media?parent=13"}],"curies":[{"name":"wp","href":"https:\/\/api.w.org\/{rel}","templated":true}]}}